{"id":10,"date":"2025-04-29T20:51:54","date_gmt":"2025-04-29T20:51:54","guid":{"rendered":"https:\/\/marex.cc\/?page_id=10"},"modified":"2025-11-21T14:47:31","modified_gmt":"2025-11-21T14:47:31","slug":"inicio","status":"publish","type":"page","link":"https:\/\/marex.cc\/","title":{"rendered":"Inicio"},"content":{"rendered":"<p>[et_pb_section fb_built=\u00bb1&#8243; prev_background_color=\u00bb#ffffff\u00bb next_background_color=\u00bb#ffffff\u00bb _builder_version=\u00bb4.18.0&#8243; _module_preset=\u00bbdefault\u00bb background_image=\u00bbhttps:\/\/marex.cc\/wp-content\/uploads\/2025\/05\/Image1-min-scaled.jpg\u00bb width=\u00bb100%\u00bb max_width=\u00bb100%\u00bb height=\u00bb150vh\u00bb custom_padding=\u00bb|||126px||\u00bb top_divider_style=\u00bbramp2&#8243; bottom_divider_style=\u00bbramp2&#8243; bottom_divider_height=\u00bb60px\u00bb animation_style=\u00bbslide\u00bb animation_duration=\u00bb800ms\u00bb box_shadow_style=\u00bbpreset1&#8243; global_colors_info=\u00bb{}\u00bb][\/et_pb_section][et_pb_section fb_built=\u00bb1&#8243; _builder_version=\u00bb4.18.0&#8243; _module_preset=\u00bbdefault\u00bb max_width=\u00bb100%\u00bb animation_style=\u00bbslide\u00bb animation_duration=\u00bb800ms\u00bb global_colors_info=\u00bb{}\u00bb][et_pb_row column_structure=\u00bb1_2,1_2&#8243; _builder_version=\u00bb4.18.0&#8243; _module_preset=\u00bbdefault\u00bb module_alignment=\u00bbcenter\u00bb global_colors_info=\u00bb{}\u00bb][et_pb_column type=\u00bb1_2&#8243; _builder_version=\u00bb4.18.0&#8243; _module_preset=\u00bbdefault\u00bb global_colors_info=\u00bb{}\u00bb][et_pb_image src=\u00bbhttps:\/\/marex.cc\/wp-content\/uploads\/2025\/05\/img2-min.png\u00bb title_text=\u00bbimg2-min\u00bb _builder_version=\u00bb4.18.0&#8243; _module_preset=\u00bbdefault\u00bb global_colors_info=\u00bb{}\u00bb][\/et_pb_image][\/et_pb_column][et_pb_column type=\u00bb1_2&#8243; _builder_version=\u00bb4.18.0&#8243; _module_preset=\u00bbdefault\u00bb global_colors_info=\u00bb{}\u00bb][et_pb_text _builder_version=\u00bb4.18.0&#8243; _module_preset=\u00bbdefault\u00bb text_font=\u00bbPoppins||||||||\u00bb text_text_color=\u00bbgcid-54a842cc-ad0c-4579-8987-fe7d142b9df0&#8243; global_colors_info=\u00bb{%22gcid-54a842cc-ad0c-4579-8987-fe7d142b9df0%22:%91%22text_text_color%22%93}\u00bb]<\/p>\n<p><strong><em>En MAREX combinamos experiencia, tecnolog\u00eda y una red global de transporte para ofrecerte servicios de carga, paqueter\u00eda y courier con calidad, trazabilidad y foco en Centroam\u00e9rica. Nos especializamos en conectar Guatemala con el mundo: importaci\u00f3n, exportaci\u00f3n y \u00faltima milla.<\/em><\/strong><\/p>\n<p>[\/et_pb_text][\/et_pb_column][\/et_pb_row][\/et_pb_section]<\/p>\n","protected":false},"excerpt":{"rendered":"<p>En MAREX combinamos experiencia, tecnolog\u00eda y una red global de transporte para ofrecerte servicios de carga, paqueter\u00eda y courier con calidad, trazabilidad y foco en Centroam\u00e9rica. Nos especializamos en conectar Guatemala con el mundo: importaci\u00f3n, exportaci\u00f3n y \u00faltima milla.<\/p>\n","protected":false},"author":1,"featured_media":0,"parent":0,"menu_order":0,"comment_status":"closed","ping_status":"closed","template":"","meta":{"_et_pb_use_builder":"on","_et_pb_old_content":"<img width=\"800\" height=\"316\" src=\"https:\/\/marex.cc\/wp-content\/uploads\/2025\/05\/img2-min-1024x404.png\" alt=\"\" srcset=\"https:\/\/marex.cc\/wp-content\/uploads\/2025\/05\/img2-min-1024x404.png 1024w, https:\/\/marex.cc\/wp-content\/uploads\/2025\/05\/img2-min-300x118.png 300w, https:\/\/marex.cc\/wp-content\/uploads\/2025\/05\/img2-min-768x303.png 768w, https:\/\/marex.cc\/wp-content\/uploads\/2025\/05\/img2-min.png 1445w\" sizes=\"(max-width: 800px) 100vw, 800px\" \/>\n<h6><strong>Proveer e implementar servicios y soluciones integrales <\/strong><strong>innovadoras, rentables y sostenibles en el transporte intermodal <\/strong><strong>y l\u00f3gistica de mercanc\u00edas en el mercando internacional que <\/strong><strong>aporte ventajas competitivas y ayuden a satisfacer las\u00a0<\/strong><strong>demandas comerciales de nuestros clientes.<\/strong><\/h6>\nmarexgt@marex.cc\n\n<a target=\"_blank\">\nFacebook\n<svg viewBox=\"0 0 512 512\" xmlns=\"http:\/\/www.w3.org\/2000\/svg\"><path d=\"M504 256C504 119 393 8 256 8S8 119 8 256c0 123.78 90.69 226.38 209.25 245V327.69h-63V256h63v-54.64c0-62.15 37-96.48 93.67-96.48 27.14 0 55.52 4.84 55.52 4.84v61h-31.28c-30.8 0-40.41 19.12-40.41 38.73V256h68.78l-11 71.69h-57.78V501C413.31 482.38 504 379.78 504 256z\"><\/path><\/svg>\t\t\t\t\t<\/a>\n<a href=\"https:\/\/www.youtube.com\" target=\"_blank\">\nYoutube\n<svg viewBox=\"0 0 576 512\" xmlns=\"http:\/\/www.w3.org\/2000\/svg\"><path d=\"M549.655 124.083c-6.281-23.65-24.787-42.276-48.284-48.597C458.781 64 288 64 288 64S117.22 64 74.629 75.486c-23.497 6.322-42.003 24.947-48.284 48.597-11.412 42.867-11.412 132.305-11.412 132.305s0 89.438 11.412 132.305c6.281 23.65 24.787 41.5 48.284 47.821C117.22 448 288 448 288 448s170.78 0 213.371-11.486c23.497-6.321 42.003-24.171 48.284-47.821 11.412-42.867 11.412-132.305 11.412-132.305s0-89.438-11.412-132.305zm-317.51 213.508V175.185l142.739 81.205-142.739 81.201z\"><\/path><\/svg>\t\t\t\t\t<\/a>\n<a href=\"https:\/\/web.whatsapp.com\/\" target=\"_blank\">\nWhatsapp\n<svg viewBox=\"0 0 448 512\" xmlns=\"http:\/\/www.w3.org\/2000\/svg\"><path d=\"M380.9 97.1C339 55.1 283.2 32 223.9 32c-122.4 0-222 99.6-222 222 0 39.1 10.2 77.3 29.6 111L0 480l117.7-30.9c32.4 17.7 68.9 27 106.1 27h.1c122.3 0 224.1-99.6 224.1-222 0-59.3-25.2-115-67.1-157zm-157 341.6c-33.2 0-65.7-8.9-94-25.7l-6.7-4-69.8 18.3L72 359.2l-4.4-7c-18.5-29.4-28.2-63.3-28.2-98.2 0-101.7 82.8-184.5 184.6-184.5 49.3 0 95.6 19.2 130.4 54.1 34.8 34.9 56.2 81.2 56.1 130.5 0 101.8-84.9 184.6-186.6 184.6zm101.2-138.2c-5.5-2.8-32.8-16.2-37.9-18-5.1-1.9-8.8-2.8-12.5 2.8-3.7 5.6-14.3 18-17.6 21.8-3.2 3.7-6.5 4.2-12 1.4-32.6-16.3-54-29.1-75.5-66-5.7-9.8 5.7-9.1 16.3-30.3 1.8-3.7.9-6.9-.5-9.7-1.4-2.8-12.5-30.1-17.1-41.2-4.5-10.8-9.1-9.3-12.5-9.5-3.2-.2-6.9-.2-10.6-.2-3.7 0-9.7 1.4-14.8 6.9-5.1 5.6-19.4 19-19.4 46.3 0 27.3 19.9 53.7 22.6 57.4 2.8 3.7 39.1 59.7 94.8 83.8 35.2 15.2 49 16.5 66.6 13.9 10.7-1.6 32.8-13.4 37.4-26.4 4.6-13 4.6-24.1 3.2-26.4-1.3-2.5-5-3.9-10.5-6.6z\"><\/path><\/svg>\t\t\t\t\t<\/a>\n<h6>\u00a9 Copyright todos los derechos reservados<\/h6>","_et_gb_content_width":"","footnotes":""},"class_list":["post-10","page","type-page","status-publish","hentry"],"_links":{"self":[{"href":"https:\/\/marex.cc\/index.php\/wp-json\/wp\/v2\/pages\/10","targetHints":{"allow":["GET"]}}],"collection":[{"href":"https:\/\/marex.cc\/index.php\/wp-json\/wp\/v2\/pages"}],"about":[{"href":"https:\/\/marex.cc\/index.php\/wp-json\/wp\/v2\/types\/page"}],"author":[{"embeddable":true,"href":"https:\/\/marex.cc\/index.php\/wp-json\/wp\/v2\/users\/1"}],"replies":[{"embeddable":true,"href":"https:\/\/marex.cc\/index.php\/wp-json\/wp\/v2\/comments?post=10"}],"version-history":[{"count":201,"href":"https:\/\/marex.cc\/index.php\/wp-json\/wp\/v2\/pages\/10\/revisions"}],"predecessor-version":[{"id":1263,"href":"https:\/\/marex.cc\/index.php\/wp-json\/wp\/v2\/pages\/10\/revisions\/1263"}],"wp:attachment":[{"href":"https:\/\/marex.cc\/index.php\/wp-json\/wp\/v2\/media?parent=10"}],"curies":[{"name":"wp","href":"https:\/\/api.w.org\/{rel}","templated":true}]}}